*p = 121, -3*i + 129 + 234 = -4*p. Let s be 13 + -3 - 1*-1. Calculate the greatest common factor of i and s.
11
Suppose 33 + 7 = 4*t. Suppose -x + 6*x - t = 0. Suppose 4*h = -2*w + 60, -5*h + x*h - 4*w = -40. What is the highest common factor of h and 48?
16
Let g = 8 - 10. Let z be (12/(-16))/(g/32). What is the highest common divisor of 48 and z?
12
Let p be 1/(3/(-6)) + -2. Let j be ((-44)/(-6))/(p/6). Let v = -3 - j. Calculate the greatest common factor of 20 and v.
4
Let q be (-1098)/8 - (-4)/16. Let u = 197 + q. What is the greatest common divisor of 12 and u?
12
Let w = 33 - -27. Suppose -2*g + 5 = o, -g + 8 = -o - 2. Suppose 3*t = -2*v + 36, 0 = -g*t - 2*v - 3 + 63. What is the greatest common factor of t and w?
12
Suppose 0 + 38 = z. What is the highest common factor of 76 and z?
38
Let y be (-68816)/(-289) + (-2)/17. Let x = -94 + y. Let u = -7 + 25. Calculate the highest common factor of u and x.
18
Let l(n) = -5*n - 7. Let a be l(-6). Suppose -21 = -2*p + a. What is the greatest common factor of p and 55?
11
Let r(i) = i**3 + 7*i**2 + 4*i - 8. Let p be r(-6). Suppose -p*m + 82 = 4*z + 6, 4*z - 3*m = 90. What is the greatest common factor of 63 and z?
21
Let j be (-1 - -1 - 2)*-2. Suppose -4*f = -k + 1, 3*f - 4*k + 2 = -15. Let g = f + j. Calculate the greatest common factor of 45 and g.
5
Let n = 9 + 0. What is the greatest common factor of n and 9?
9
Suppose -114 = -4*t + 282. Let k = -153 - -164. What is the greatest common factor of k and t?
11
Suppose -3*p + 49 + 29 = 0. What is the greatest common factor of p and 78?
26
Let n = 8 + 1. What is the highest common factor of n and 18?
9
Let r be ((-60)/9)/((-3)/18). Calculate the greatest common divisor of 20 and r.
20
Suppose -u = 2*i + 3 - 12, -u + 5*i = -23. Calculate the highest common factor of 91 and u.
13
Suppose 5*s + 2*p + 94 = -p, -2*p + 45 = -3*s. Let m = s - -36. What is the highest common factor of 76 and m?
19
Let f be -4 - (0 + -21 + 2). Let u(n) = -n**3 - 4*n**2 - 2*n + 2. Let a be u(-4). Calculate the highest common divisor of a and f.
5
Suppose 19 = -2*r - v - 9, 0 = -3*r + 4*v - 20. Let i(a) = 5*a + 2. Let g be i(-2). Let f be g/r - 68/(-6). Calculate the highest common divisor of f and 60.
12
Suppose 3*n - 2*y - 56 = 3*y, -44 = -3*n + 2*y. What is the greatest common factor of 84 and n?
12
Suppose 5*h + 322 = 2402. What is the greatest common divisor of 32 and h?
32
Let u(j) = j**3 - 3*j**2 + j - 1. Let y be u(-3). Let a be 0 + 1 - (-5 + y). Let v = 145 - a. What is the greatest common divisor of 9 and v?
9
Suppose -4*y + 68 = 16. What is the greatest common divisor of y and 26?
13
Let l = -10 + 15. Let i be (-5)/((-5)/24) + 1. What is the highest common divisor of i and l?
5
Let r = -13 - -8. Let j be (-3 - r)/(-2) + 40. Let k be (-11)/(-13) - (-6)/j. What is the highest common divisor of k and 10?
1
Suppose -5*j = -l + 3*l - 89, 3*l - 102 = 3*j. Let q = -23 + l. Calculate the greatest common divisor of 35 and q.
7
Suppose -195 = -5*j + 5*u, 2*j - 3*j + 4*u = -48. Let d(t) = -26*t + 2. Let r be d(-2). What is the highest common factor of j and r?
18
Let n(t) = -2*t**2 - 4. Let f be n(-3). Let z = f - -30. Calculate the highest common factor of z and 8.
8
Let t(m) = -10*m - 2. Let g(l) = -11*l - 1. Let s(o) = -6*g(o) + 7*t(o). Let d be s(-6). Calculate the greatest common factor of 8 and d.
8
Let g be -2 + (2 - (-1 - -1)). Let n be -3*(-2)/6*g. Suppose 2*z = -n*z + 44. What is the highest common factor of z and 2?
2
Suppose 0 = 3*q, 0*q - 4*q = 5*p - 225. What is the highest common factor of 5 and p?
5
Let d be 1/(-3) - (-62)/6. Suppose 2 = a - d. Calculate the highest common factor of a and 108.
12
Suppose 9*s = 14*s - 20. What is the highest common factor of s and 4?
4
Suppose 0 = -q + 6 + 8. What is the highest common factor of q and 42?
14
Suppose 8 = 5*c - 172. Suppose -2*s - 5*q - 3 = 0, 3*s - q - 2*q = 27. Calculate the highest common divisor of c and s.
6
Suppose 111 = 3*n - 5*b, n - 6*n + 2*b + 185 = 0. Let v = -54 + n. Let l = v + 31. Calculate the greatest common divisor of l and 112.
14
Suppose 0*f - 4 = -2*f. Let j(c) = -c**2 + c - 2. Let a be j(f). Let o be 3/(-12) + (-141)/a. Calculate the greatest common divisor of 14 and o.
7
Let h(r) = 1. Let w(q) = -q + 6. Let b(u) = 6*h(u) - w(u). Let f be b(0). Suppose -33 = -f*l - 3*l. Calculate the greatest common divisor of l and 11.
11
Let n(y) = y**2 + 3*y - 9. Let r be n(-9). Let c = -28 + 46. What is the greatest common factor of r and c?
9
Suppose 1 = 57*j - 56*j. What is the greatest common divisor of j and 4?
1
Let m be 8/(-6)*(-18)/(-4). Let x(u) = -9*u - 3 - 4 - 5*u. Let z be x(m). What is the highest common factor of 11 and z?
11
Suppose -9 = g - 29. What is the greatest common factor of 10 and g?
10
Let w(o) = 4*o**2. Suppose 7*h - 2*h = 20. Let c be h/(-6) - 15/(-9). Let g be w(c). Calculate the greatest common divisor of 4 and g.
4
Suppose -c - c = -2. Suppose -3*s + c = -8. Suppose 0 = l + s*l - 60. What is the greatest common divisor of l and 10?
5
Suppose -11*p + 12*p - 6 = 0. Calculate the highest common factor of p and 96.
6
Suppose -3*s = -1 - 5. Let q be 22 - ((-4)/(-1) - s). Let w(g) = 3*g**2 - 13*g - 6. Let h be w(7). What is the greatest common divisor of h and q?
10
Let r be 21/(-2)*2*(3 - 4). Suppose 5*p + 14 = 39. Suppose -16 = -p*a - 1. Calculate the greatest common factor of a and r.
3
Suppose -5*z + 900 = 5*z. Calculate the highest common factor of 36 and z.
18
Let k be (-4)/26 + (-2241)/(-117). What is the highest common factor of 57 and k?
19
Suppose -211 = -4*q - 51. Calculate the highest common factor of q and 8.
8
Let z(d) = d**3 + 6*d**2. Let x be z(-6). Suppose -4*o = -o + j - 39, x = -5*j - 15. Calculate the highest common divisor of 7 and o.
7
Suppose 5*l + 265 = -3*c - 26, 3*l - 291 = 3*c. Let w = -37 - c. Suppose 8*o - 5*o = w. Calculate the highest common factor of 50 and o.
10
Let o(g) = 11*g - 5. Let n = 1 + 3. Let d be o(n). Suppose 3*w - 3*q = d, -4*q + 14 = 2*w - 0*w. Calculate the highest common divisor of w and 33.
11
Suppose -7*w - 19 = -89. What is the highest common factor of 2 and w?
2
Let b(a) = 3*a + 38. Let k be b(-8). What is the highest common divisor of 154 and k?
14
Suppose 5*j = -b + 6*b - 75, 0 = -3*b - j + 45. Let m(f) = 1 - 1 + f. Let n be m(3). What is the greatest common divisor of b and n?
3
Suppose 0*c = -5*c + 115. Calculate the greatest common factor of c and 23.
23
Let n(t) = t**3 - t**2 + 1. Let p be n(0). Let x be (-7*25)/((-1)/p). Suppose -7*q + x = -2*q. Calculate the greatest common factor of 14 and q.
7
Suppose -d = t + 3, 5*d + 28 = 3. What is the highest common factor of t and 1?
1
Let z = -67 + 75. Calculate the greatest common divisor of 16 and z.
8
Suppose 2*q - 1 = 3. Let h be (-2)/4*(-2 - -26). Let v be (h/(-10))/(q/120). What is the highest common factor of 8 and v?
8
Let q(u) be the third derivative of 3*u**4/8 - u**3/3 - u**2. Let b be q(8). Calculate the highest common divisor of 10 and b.
10
Suppose -271 = -6*z + 359. What is the highest common divisor of 15 and z?
15
Suppose 0 = 5*q - 3*j + 21, -5*j = -j - 8. Let w be (-3 - q) + 6/2. Suppose d - 8 = -2*o + w*d, 12 = 3*o + 2*d. What is the highest common factor of 28 and o?
4
Let v(l) = 44*l**2 + l + 2. Let j be v(2). Calculate the highest common divisor of j and 10.
10
Suppose 5*t = 4*t - 7. Let m = 22 + t. Calculate the greatest common factor of m and 5.
5
Suppose 61 = 3*n - 155. What is the highest common factor of n and 48?
24
Suppose -5 - 13 = -2*n. Calculate the greatest common factor of 3 and n.
3
Let y(p) be the first derivative of -p**4/4 + 2*p**2 + p + 4. Suppose 0 = -3*n - 6 - 6. Let k be y(n). Calculate the greatest common divisor of k and 7.
7
Suppose -5*k + 5 = -k + 3*v, 4*k + v = 7. Suppose x + 3*i = 11, -5*x - i = k*i - 19. What is the greatest common divisor of x and 8?
2
Let g be (-318)/(-27) - 4/(-18). What is the greatest common factor of g and 8?
4
Let x(m) = -2*m**3 - m**2 + 2*m. Let u = -2 + 0. Let s be x(u). Calculate the greatest common divisor of s and 88.
8
Suppose -5*g + 4*v - 8*v = -30, 3*v = 2*g - 35. What is the greatest common factor of 260 and g?
10
Let y(v) = 2*v - 1. Let i(j) = -j. Let g(s) = 6*i(s) - y(s). Let u be g(-1). Calcu